2778) composite?
True
Let h = 1370 - 769. Let u be 2/(-12) + (-27874)/84. Let a = u + h. Is a a prime number?
True
Let n(q) = -q**3 + 13*q**2 + 7*q + 2. Let r be n(5). Suppose 4*o = -4, 5*o - r = -a + 25. Is a a prime number?
False
Suppose 0 = -u + 24 + 9. Is ((-7620)/90)/((-2)/u) composite?
True
Let v = -8 - -3716. Suppose -v = -15*b + 3*b. Is b composite?
True
Let u = 3577 - -5604. Is u prime?
True
Suppose 0*p = 5*p + 5*y - 51140, 0 = -5*p - 4*y + 51138. Is p a prime number?
False
Suppose 0 = 357*o - 348*o - 829557. Is o a prime number?
True
Let x be (-2 + 44/8 + -3)*4. Is 92 - (1 - 8/x) a composite number?
True
Suppose m + z - 1 = -z, 4*m = 5*z + 17. Is m + -4 + 258 - 0 composite?
False
Let o(c) = 27*c - 13. Let a be o(5). Suppose 2*m + 16 - a = 0. Is m composite?
False
Let i(q) = 829*q + 3. Let c be i(-1). Let t = c + 1571. Is t a prime number?
False
Let s = -526 + 790. Let r = -123 + s. Is r a prime number?
False
Suppose 5676 = h - 7830. Suppose f = -5*f + h. Is f a prime number?
True
Let m(k) be the first derivative of 24*k**2 + 11*k - 366. Let s(a) = 2*a. Let f be s(2). Is m(f) a composite number?
True
Let y = -42 - -54. Suppose -b - 3*b = y, -4*b = -3*j + 1554. Is j a composite number?
True
Let q be (-21 + (-4 - -8))/(-1). Suppose 0 = 4*o - q + 1. Suppose -307 = -o*h + 3*d, -5*h + d = 3*d - 401. Is h composite?
False
Suppose 2 + 4 = 3*g. Suppose 5*v - 15 = g*v - 4*l, 2*l = 3*v - 15. Suppose 3*m + v*j - 200 = 0, 0 = -2*m - 4*j - 6 + 140. Is m composite?
True
Suppose 0 = m + 4 - 2. Let k be 5 - 4/(m - -6). Suppose -694 = 2*o - k*o. Is o composite?
False
Suppose 15622 = 3*n - 15*d + 10*d, 4*n - 4*d - 20832 = 0. Is n composite?
False
Suppose h = -3*k + 38279, -3*k + 5*h + 29940 = -8363. Is k composite?
True
Let j(u) be the second derivative of -u**3/3 + 751*u**2/2 - u. Let w = 33 + -33. Is j(w) composite?
False
Let o = -11829 - -97760. Is o a prime number?
True
Let c(x) = 86*x**2 - 41*x + 19. Is c(10) a composite number?
False
Let q(m) = -646*m + 25. Is q(-7) a prime number?
True
Let z(v) = 21*v**2 + v - 11. Suppose -l = 4*k + 71 + 14, 2*k + 4*l + 46 = 0. Let t = -16 - k. Is z(t) composite?
True
Let y(n) = 2*n + 1. Let z be y(8). Let c = z + 38. Is c composite?
True
Let d be 2*-1 + 583*4 + -2. Suppose 0*v + 12*v - d = 0. Is v a composite number?
True
Let g(b) = b**2 + 13*b + 3. Let s be g(-13). Suppose 0*i - h + 10 = s*i, -4*h = 8. Suppose t - i*t = -267. Is t composite?
False
Suppose d + 26076 = 13*d. Is d a prime number?
False
Let z = 38 + -28. Is (-9236)/(-10) + -5 - (-4)/z composite?
False
Suppose 4*i + 3*w - 20515 = -6585, 2*i - 2*w - 6972 = 0. Suppose 4*y - 2*f - i = 2*f, 2*y - 1733 = 5*f. Suppose b - y = -b. Is b a prime number?
False
Let j = 561 + -381. Let b be (38/(-4))/((-6)/j). Let s = b - 136. Is s a composite number?
False
Let a be (109 - (1 + -2))*1. Suppose 4*k - 14 = -2, 3*k = 5*i + 9. Suppose i = -0*l - 2*l + a. Is l a prime number?
False
Suppose -i + 5*n + 1181 = 0, -4*i - 2*n = -6*n - 4756. Is i composite?
True
Suppose 2*v = 9*v. Let p be (1 + v)*0/2. Suppose 2*m + p*m - 1106 = 0. Is m a prime number?
False
Suppose -f + 54 = 10. Let l = f + 5. Is l prime?
False
Suppose l = -2*l + 30. Suppose -l*b + 9387 = -b. Is b a composite number?
True
Let j(v) = -7*v**2 - v + 19. Let o(r) = 4*r**2 + r - 10. Let l(i) = 6*j(i) + 11*o(i). Let a be l(-2). Suppose -178 = a*k - 1016. Is k prime?
True
Let v(s) = -82*s - 16 - 6 + 35 + 18. Is v(-9) a composite number?
False
Let s = 3 - 0. Suppose 4*h = 6*t - t - 1655, -5*t + 2*h + 1655 = 0. Suppose -2*u + s*k = -662, 2*k - t = -3*u + 2*u. Is u prime?
True
Suppose -4*c - 7*s + 10*s + 31571 = 0, 5*c = -s + 39478. Is c composite?
True
Let l(h) be the third derivative of -h**6/12 + h**3/6 + 5*h**2. Let u be l(-1). Suppose 1490 = -9*q + u*q. Is q composite?
True
Let m = -12 + 28. Let x be m/(-24) - 928/(-6). Let r = x - 39. Is r prime?
False
Let j(f) = 18*f**2 + 4*f + 219. Is j(20) composite?
False
Suppose -f + 14 - 9 = 0. Let t = f + -3. Suppose -3*u + 51 = -t*u. Is u a prime number?
False
Let g = 2717 + -1048. Let m = -984 + g. Is m composite?
True
Suppose 0 = 6*w - 3*w - 1902. Let f = w - 135. Is f composite?
False
Let d = -130 + 919. Let n = d + -254. Suppose -4*l - 621 = -3*s, -3*s = -2*l - 92 - n. Is s a prime number?
True
Let g(d) = d + 3. Let v be g(2). Suppose x = -4, 2*f + x = v*x + 1002. Is f prime?
False
Suppose -6*a + 5536 + 122 = 0. Is a composite?
True
Let b(g) = -4*g**3 + 4*g**2 - 2*g - 11. Is b(-9) prime?
False
Suppose -6*p + 11338 = -10202. Let q = p + -1729. Is q a composite number?
False
Let v(j) = 6*j**3 - 3*j**2 - 4*j + 5. Let p(n) = 5*n**3 - 3*n**2 - 4*n + 4. Let x(b) = -3*p(b) + 2*v(b). Let z be x(-4). Let y = z - 125. Is y composite?
False
Let d = 7037 + -694. Is d prime?
True
Let o(y) = -2*y**2 + 7*y**3 - 10*y**3 - y + 5*y**3 + 15 - y. Let k(h) = h**2 + 9. Let r be k(0). Is o(r) a prime number?
False
Let f be (6/2*-1)/(-18 - -17). Let h(a) = -3 + 4*a + 7*a**2 + 2*a**2 - 1. Is h(f) composite?
False
Let i(f) be the second derivative of -f**4/12 - 11*f**3/6 - 7*f**2 - 11*f. Let s be i(11). Let p = -55 - s. Is p composite?
True
Let i(j) be the first derivative of -3 + 14*j + 13/2*j**2. Is i(11) a prime number?
True
Suppose 2*y - 2*b = 464, 3*b = 2*y - y - 242. Let a = y - 158. Is a prime?
False
Suppose 4*w - 7*w + 9 = 0. Suppose 4*g = 5*o - 1255, -w*o + 3*g + 1095 = 342. Is o composite?
False
Suppose -140661 - 5973 = -6*m. Is m a composite number?
False
Suppose 2*c - 3773 = -9*c. Suppose -4*t = 2*g - 444, -t + 4*t - c = -4*g. Is t a prime number?
True
Suppose 8089 = 3*j - 23504. Is j composite?
False
Let k(l) = 16*l**2 - 2*l + 6. Let r be k(4). Let j = -209 - -213. Suppose o = -j*a + 5*a - r, 3*o + 513 = 2*a. Is a a composite number?
True
Suppose 2*b - 49 = 145. Let d(q) = q**2 - 9*q - 14. Let l be d(11). Suppose -3*v + b = -l. Is v a prime number?
False
Let c(i) = i**3 + i + 3. Let d be c(0). Suppose x + 0 = d. Suppose -x*q = 0, 396 = 5*m - 3*q - 719. Is m a composite number?
False
Suppose -94895 = -13*v - 16128. Is v composite?
True
Let u be (-8 - -14)*825/2. Is ((-8)/(-4) - 0) + u a composite number?
False
Suppose 0 = 2*d + 4*d + 4962. Let a = d + 1786. Is a a prime number?
False
Let g = -10273 + 20040. Is g a prime number?
True
Let n be -24*((-140)/8)/(-7). Let g = -7 - n. Suppose g = 5*k + 18. Is k a composite number?
False
Let y(a) = -425*a - 16. Is y(-19) a composite number?
False
Suppose -20 = -4*m, -2*m = 4*h + m - 12403. Is h composite?
True
Suppose 3*v = 3*j - 12, 0 = -4*v - 3*j + 8 + 11. Is v/((2/(-1838))/(-10 - -9)) composite?
False
Suppose 2*o - y = 37595, -5*o - 7*y = -12*y - 93990. Is o composite?
False
Suppose -264 = -a + 5*a. Is ((-6)/12)/(3/a) a composite number?
False
Let q(d) = -242*d - 48. Is q(-35) prime?
False
Suppose 0 = -2*o - 0*o + 10, -5*q + 60 = o. Suppose 4*i + 72 = -2*n, -5*i - 72 = -n + q. Let c = 196 + i. Is c prime?
True
Let j be (24/(-15))/(-4)*170. Suppose c = 3*c + j. Let b = c + 47. Is b prime?
True
Let z(l) = 5*l**3 - 3*l**2 + 4*l - 2. Let o(u) = -u**2 - 6*u + 2. Let w = -21 - -15. Let x be o(w). Is z(x) a prime number?
False
Is (-13291)/(-3)*((10 - 4) + 9) prime?
False
Suppose j = 5*j + f - 4121, 5*j - 5*f - 5120 = 0. Let u = -697 + j. Let x = 1473 - u. Is x prime?
False
Suppose -8*s = 3*s - 22. Let l(t) = 50*t**3 - 3. Is l(s) composite?
False
Let a(i) = 2*i - 5. Let u be a(7). Let y(w) = 0*w - 5 + u*w - 3. Is y(5) a composite number?
False
Suppose l - 7258 - 9393 = -k, l - k = 16647. Is l composite?
False
Let f = -2264 - -4121. Let l = f + -1004. Is l prime?
True
Let a(q) = 14*q**3 - 3*q**2 + 10*q + 1. Let f(h) = 28*h**3 - 6*h**2 + 19*h + 2. Let c(n) = -7*a(n) + 4*f(n). Is c(6) a composite number?
False
Suppose -t = 3*s - 1288 - 1073, -5*t = 5*s - 11765. Suppose -a - l = -1182, -a = a + 5*l - t. Is a prime?
True
Suppose -28091 = -3*v - 4*l, 8*l - 4*l = -5*v + 46805. Is v composite?
True
Let j = 16 - 317. Let p = j - -1064. Is p a composite number?
True
Suppose -39*c + 15192 = -15*c. Is c prime?
False
Let q be 35/2*(-684)/(-95). Suppose 9*g + q = 3*g. Let w = g - -103. Is w prime?
False
Suppose 105*v - 97*v = 5528. Is v prime?
True
Let r(g) be the second derivative of g**4/6 + g**3/2 - 11*g**2/2 - 5*g. Is r(-8) a prime number?
Fal